+ 127*z + 110*z + z**2 - 346*z + 22. What is k(6)?
-14
Let d(i) = 8*i - 188. Let q(y) = 58*y - 1367. Let n be q(24). Calculate d(n).
12
Let f(i) be the first derivative of -i**6/72 - i**5/120 + i**3 - 126. Let w(a) be the third derivative of f(a). Give w(-1).
-4
Let d(a) = -11*a**3 + 7*a**2 - 6*a + 4. Let c(v) = 13*v**3 - 8*v**2 + 7*v - 5. Let w(b) = 6*c(b) + 7*d(b). Determine w(2).
10
Let g = 225934 + -225927. Let a be (-19)/(-3) - (-3)/(-9). Let h(o) = o**2 - a*o - 2 - 1 - 7. What is h(g)?
-3
Let y(a) be the first derivative of a**4/2 + a**3/3 - a**2/2 - a - 885. Give y(1).
1
Let f(l) = -l + 7. Let s = -299 + 299. Suppose 5*t - 23 - 2 = s. Determine f(t).
2
Let t = -31425 + 31427. Suppose 4*b = 2*o - 4, -3*b - 5*o + 6 + 4 = 0. Let w(v) = b - 1 - 2*v**2 - 2*v - v**3 + 5*v. Determine w(t).
-11
Let v(m) = -m + 14. Let p = -172 - -39. Let n = p + 139. Give v(n).
8
Let w(a) = a**2 + 4. Let b(x) = -x**2 + 12*x - 18. Let k be b(10). Suppose -k*d + 160 = -7*d. Let t = 29 + d. Calculate w(t).
13
Let o(t) = -t**3 + 9*t**2 - 8*t + 2. Let g be o(8). Let c(l) = 15 - g*l - l**2 - 3*l - 17. Suppose 30*s + 133 + 47 = 0. Determine c(s).
-8
Let u be (0/2*(7 + -6))/(-2). Suppose u = 4*s - 6*f + 3*f + 23, 0 = -5*s - 4*f + 10. Let b(m) = m**3 + m + 1. Calculate b(s).
-9
Let j(s) = 0*s**2 - 43*s - 2*s**2 + s**2 - 46 + 48*s - 25*s. Calculate j(-17).
5
Suppose -9*k + 4 = -5. Let s(o) be the third derivative of o**5/5 - o**4/24 - 2*o**2 - 99. Determine s(k).
11
Let s(r) = -33*r + 43. Let o(i) = 4*i - 7. Let z(w) = 6*o(w) + s(w). Let a = 7 - 8. Give z(a).
10
Let o = -134 + 152. Suppose 15*x - o = 12*x. Let s(p) = -p**3 + 7*p**2 - 4*p - 6. Determine s(x).
6
Let c(z) = z**2 - z**3 - 6*z**2 + 5 + 6*z + 0*z**2. Let d(b) = -48*b - 282. Let n be d(-6). Suppose -n*h - 10 = 26. What is c(h)?
5
Let z(w) be the second derivative of 7*w**3/6 - 3*w**2/2 + 28*w. Let m = 378 + -383. Give z(m).
-38
Let d(r) be the first derivative of r**3/3 + 7*r**2/2 - 6*r - 10036. Suppose -m - 2*p - 19 = 2*m, -2*m - 13 = p. Calculate d(m).
-6
Let r be 2/11 + 9593/543*(-3)/(-11). Let p(v) = -3*v**3 - 19*v**2 + 19*v + 5. Let b(s) = 2*s**3 + 10*s**2 - 10*s - 3. Let a(w) = 5*b(w) + 3*p(w). What is a(r)?
-15
Let g(z) = -2*z + 62. Let t(s) = 7*s + 373. Let r(a) = -6*g(a) + t(a). Calculate r(5).
96
Suppose -341 + 11 = -4*l - 2*h, l - h - 90 = 0. Let r be (-5)/(-10)*6*4. Suppose r = 89*m - l*m. Let x(q) = -q + 1. Calculate x(m).
-2
Let n(m) = 2*m + 10. Let v(u) = -u**3 - 10*u**2 + 4*u - 31. Let j be v(-10). Let t = 61 + j. Give n(t).
-10
Suppose -5*c + 11 = -124. Let t(r) = r**2 - 28*r + 28. Let u be t(c). Let j(l) = -54*l + 54*l - 16*l**2 + u. Calculate j(1).
-15
Let r(h) be the third derivative of h**4/12 - 153*h**2. Calculate r(7).
14
Let t(g) be the first derivative of -3/2*g**2 + 2*g - 66 - 1/3*g**3. Suppose 5*o = 3*s + 14, -2*o - 3*o = -5. Give t(s).
2
Suppose 5*o = 61 - 16. Let a(p) be the second derivative of -p**3/3 + 17*p**2/2 + 3727*p - 1. Determine a(o).
-1
Let b be (-1)/(-3)*1*(-3 - 3). Let k(v) = -23*v**3 - 26*v**2 + 17*v - 14. Let t(j) = -8*j**3 - 9*j**2 + 6*j - 5. Let m(o) = 6*k(o) - 17*t(o). What is m(b)?
5
Let w(s) = 5*s**2 + 4*s - 46. Let y be (15/39)/((-17)/(-221)). Give w(y).
99
Let j(s) be the first derivative of 8*s**2 + 90*s + 288. Calculate j(-6).
-6
Let y(i) be the first derivative of -i**3/3 - 3*i**2/2 + 4*i + 807. Give y(3).
-14
Let d(k) = 462 + 4*k**2 - 467 - 3*k**2. Let m = 32 - 32. Suppose m = -w - w. Determine d(w).
-5
Let o(c) = 11*c + 74. Let s(i) = 3*i**2 + 71*i + 376. Let p be s(-8). What is o(p)?
74
Let j(t) be the second derivative of 1/3*t**4 + 3/2*t**3 + 9 - 1/20*t**5 - 7*t - 19/2*t**2. Calculate j(5).
1
Let i = -242 - -237. Let j(v) = -7*v - 15. Determine j(i).
20
Suppose 8*j - 36 = 13 + 15. Let c(k) = -15*k + 92. What is c(j)?
-28
Let l(q) be the first derivative of -q**2/2 - 5*q - 1. Let m(x) = x**3 - 30*x**2 - 110*x + 350. Let c be m(33). Give l(c).
8
Let i(d) be the second derivative of d**5/20 - d**4/6 - 7*d**3/3 - 15*d**2 - 12783*d. Calculate i(-3).
-33
Let b be 18/(-45) - 67/(-5). Let f(h) = 0 + b*h - 20*h + h**3 - 5*h**2 - 7. Suppose 18 = 5*x - 12. Calculate f(x).
-13
Let a(h) = 2*h**2 + 26*h + 3. Suppose 54*r + 1638 = -72*r. What is a(r)?
3
Let n(r) = r**3 + 1. Suppose 4*g + 26 = 2*k, -4*k - 10 = -2*g - 44. Suppose 0 = -4*a + 3 - k. What is n(a)?
0
Let w(a) be the second derivative of -3*a - 1/20*a**5 - 1/12*a**4 - 1/2*a**2 - 10 + 1/6*a**3. Give w(0).
-1
Let l(f) = f**2 + 5*f - 13. Let m be (5283/27)/(6/18). Let b = 578 - m. Calculate l(b).
23
Let i(q) = q**2 - q - 1. Let h(l) = -l**3 + 12*l**2 + 8*l + 7. Let u be h(12). Let v be (-106 + 3)/((-2)/2). Let g = u - v. Give i(g).
-1
Let j(z) = 4*z**3 + 73*z**2 - 304*z + 25. Let u(k) = -5*k**3 - 91*k**2 + 380*k - 31. Let t(y) = -16*j(y) - 13*u(y). Determine t(-19).
3
Suppose -4*m + 4 = 0, -328*m + 37 = -4*x - 331*m. Let z(i) = -i + 11 + 2*i + 0*i. Calculate z(x).
1
Let t(n) = -n**2 - 8*n - 3. Let x(o) = o**3 + 13*o**2 + 12*o + 4. Let f be x(-12). Suppose 2*g + 18 = -f*v, v = g - 4*g + 8. What is t(v)?
4
Let j(b) = 2*b**2 + 66*b - 85. Let o(l) = -l**2 - 42*l + 43. Let m(n) = 3*j(n) + 5*o(n). Determine m(16).
24
Suppose 910 = -54*m - 76*m. Let o(h) = -2*h - 2*h - 88 + 73. Determine o(m).
13
Let x(r) = r + 18. Suppose -6*y + 25 = -y, 0 = -3*v + 3*y - 378. Let b = v + 108. Determine x(b).
5
Let o(b) = -6*b + 22. Let f(g) = -4*g + 15. Let m = 3 - 10. Let s(u) = m*f(u) + 5*o(u). Suppose -6*r = -7*r + 6. Calculate s(r).
-7
Let x(i) = -69 - 107 + 311 - 74 - 20*i - 122. Determine x(-6).
59
Let z(p) = 12*p**3. Suppose 146 = 3*h - 5*o, 6*h - 43 = 5*h - 4*o. Suppose 36*b - 11 = h*b. Calculate z(b).
-12
Let u(q) = 28*q + 40. Let p(k) = 2*k + 2. Let n(d) = 16*p(d) - u(d). Calculate n(7).
20
Let x(f) = -2*f - 41. Let v be x(-24). Let g(r) = -9*r**2 + 72 - 155 - v*r + 78 - r**3. Determine g(-8).
-13
Suppose 3*h - 5*o - 8 = 0, h + 4*h = 2*o + 7. Let i be (0 + h/4)/(50/200). Let n(d) = 3*d**2 - 2*d + d - d**2. Give n(i).
1
Let q(y) be the third derivative of y**6/120 - y**5/15 + y**4/6 + y**3/3 + y**2. Let n = 580290 - 580286. What is q(n)?
18
Let k(y) be the third derivative of -y**6/120 + y**5/30 + y**4/12 + 2*y**3/3 + y**2. Suppose -678*x + 3*d = -679*x - 3, 2 = -d. Give k(x).
1
Suppose 82 = -2*q + 90. Suppose 2*a = g + 4*g + 27, 3*a = -q*g - 17. Let z(x) = -x**3 - 5*x**2 + 2*x - 4. Give z(g).
-14
Let m(z) = 6*z - 89*z**2 + 3 - 51*z - 387620444*z**3 + 387620446*z**3. Determine m(45).
3
Let l(k) = -4*k**3 - 128*k**2 + 126*k**2 + 70*k - 71*k + 3*k**3. Suppose 0 = 2*v + 4*f + 18, 2*f + 4 - 10 = 4*v. What is l(v)?
12
Let j(w) = w**2 - 10*w + 6. Suppose 0 = 4*t + 2*g, -7*t + 4*t = -5*g - 26. Suppose -t*h = 6*h - 40. What is j(h)?
-19
Let f(v) = -2*v. Let s(p) = 19*p - 10. Suppose 19*u - 15*u + 3*r + 39 = 0, 0 = r + 5. Let c(i) = u*f(i) - s(i). Give c(2).
-4
Let t(j) = 9*j - 72 + 34 + 42 + 22. Calculate t(-2).
8
Let o(v) be the third derivative of 1/6*v**3 - 1/8*v**4 + 0 + 86*v**2 + 0*v. Calculate o(1).
-2
Let r(n) = -3*n**2 - n - 4. Let j be ((-2)/(-5))/(50/375). Determine r(j).
-34
Let m(h) be the third derivative of -h**5/60 + 25*h**4/24 + 11*h**3/6 - 750*h**2. Calculate m(25).
11
Let v(b) = b**2 + 6*b - 11. Suppose 6*h = 4*h + 42. Suppose 3*i = 2*a - 97, 0 = -a - 5*i + i + h. Suppose -6*f - 7 - a = 0. Calculate v(f).
5
Let c(p) be the second derivative of p**3/2 + 16*p**2 - 5*p - 17. What is c(-8)?
8
Let w(u) = -1843*u - 9203. Let k be w(-5). Let y(v) = 4*v**2 - 46*v - 21. Calculate y(k).
3
Let w(d) = d**2 + 9*d + 10. Let z be 60 + -9 - -2*2. Let t = z - 39. Suppose -2*j = 3*p + t, 2*p + 4 = -0*p - 3*j. What is w(p)?
2
Let y be 6 + -10 - (-26)/(-65)*10. Let l(u) be the second derivative of -u - 6*u**2 - 1/2*u**3 + 0. Determine l(y).
12
Let h(p) = p**3 + 5*p**2 + p + 3. Suppose 27*b - 120 = -228. What is h(b)?
15
Let b(u) be the second derivative of -u**4/12 - 4*u**3/3 + 15*u**2/2 - 2477*u. What is b(-9)?
6
Let p(k) be the first derivative of 4*k**3 + k**2 + k - 3288. Calculate p(-1).
11
Let m(b) be the second derivative of b**4/6 - 25*b**3/3 - 33*b**2/2 + 3946*b. Calculate m(27).
75
Suppose 21*p + r + 46 = 26*p, 5*p = -3*r + 42. Suppose -39 + p = -10*h. Let c(k) = -2*k**2 + 2*k. What is c(h)?
-12
Let v be (-2)/24 + 14/24*